 - 4. Let r(q) = -3*q**2 - 11*q + 8. Let n(g) = -9*o(g) - 4*r(g). What is the units digit of n(3)?
8
Let s(v) = v**2 - 8*v - 2. Let g be s(8). What is the units digit of 9/((-3)/g - 0)?
6
Let p(w) = w**3 - 8*w**2 + 9*w - 10. Let v be p(7). Suppose 0*o + o = v. What is the units digit of o?
4
Suppose 0 = 8*p - 17*p + 3123. What is the tens digit of p?
4
Let y = 225 - 133. Suppose 3*d - 4*w - w - y = 0, -83 = -2*d - w. What is the units digit of d?
9
Suppose 10 = -0*w + w. What is the units digit of (w/7)/(4/28)?
0
Let h(n) = -4*n - 5. Suppose -4*s + 8 = 4*b, -2 - 10 = -4*s - 3*b. Let i = -10 + s. What is the tens digit of h(i)?
1
Suppose 189 = 3*y + 5*v, 0 = -2*y + 5*v + 15 + 86. What is the tens digit of y?
5
Let s = -141 - -242. What is the tens digit of s?
0
Let v = -4 + 1. Let c be v*(-1 - (3 + -2)). Suppose -c = -x - 5. What is the units digit of x?
1
Let d be 171/(-13) - 4/(-26). Let b = d - -30. What is the tens digit of b?
1
Let j(c) = -c**3 + 5*c**2 - 4*c + 3. Let l be j(4). Suppose 16 = k + l*q, 3*k - 5*q - 8 = 26. What is the units digit of k?
3
Let k be 12/9*(-3)/(-2). Let o be (6 - 1)*k/(-5). What is the units digit of (o - (-3 + 2))*-8?
8
Let w be (-6)/3*1*-1. Suppose -56 = -4*x + w*k + 2*k, 3*k = 9. What is the units digit of x/3 - 1/(-3)?
6
Suppose 2*v = 3 + 1. What is the units digit of (-6 + v)*(-2)/4?
2
Suppose 1 = 4*q - 15. Suppose -5*u + u + q = 0. What is the units digit of u?
1
Let m(s) = -s**2 - 5*s - 2. Let w be m(-3). Let a = -1 + w. Suppose -i + 9 = -a*t, 0*i = 4*i + 3*t - 6. What is the units digit of i?
3
Let k = -21 + 21. What is the units digit of 30 - (-1 + -1) - k?
2
Let x(u) = 25*u**2 + u + 1. Let p(t) = -t**2 + t - 1. Let a be p(0). What is the tens digit of x(a)?
2
Let w(m) = 3 + 4*m - 4 - m**3 - 5 - 7*m**2 + 0*m**3. Let j be w(-7). Let v = -23 - j. What is the units digit of v?
1
What is the units digit of (-2)/(-11) + (-42693)/(-231)?
5
Suppose 5*m - 25 = -2*d, -d - 5*m = -15 - 5. Suppose d*o - 119 = 96. What is the units digit of o?
3
Let w(o) = o + 1. Let y be w(-1). Suppose -f - 4*f + 5 = y. What is the units digit of 57/6*f*2?
9
Suppose 2*r = -0*r + 8. Let m = r - -7. What is the tens digit of m?
1
Let f(r) = 2*r**2 + 16*r + 70. What is the tens digit of f(-14)?
3
Suppose -2*b - 6 = 0, -4*c + 4*b = 2*b - 74. What is the units digit of c?
7
Suppose -2*z + 4*z - 40 = 0. Suppose 0 = -h - 5 + z. What is the units digit of h?
5
Let x(a) = -2*a + 5. Let n be x(8). Let g = -6 - n. What is the units digit of g?
5
Suppose 0 = -2*i - 6 + 10. Suppose 0 = -3*h + o + 84, 2*h + o - 56 = i*o. What is the tens digit of h?
2
Let a(l) be the third derivative of -l**5/60 + l**4/3 - 5*l**3/6 + 4*l**2. What is the tens digit of a(5)?
1
Suppose -2*f - 5*b = -340, -7*f = -2*f - 2*b - 850. What is the units digit of f?
0
Let t(v) be the second derivative of v**5/20 - v**4/2 - v**3 + 3*v**2/2 + 3*v. Suppose -f - 29 = -6*f + 3*m, f + 4*m = 15. What is the tens digit of t(f)?
1
Suppose -6*f + 57 = 15. Suppose -f*a + 176 = -3*a. What is the tens digit of a?
4
Suppose 2*q + 2 = 0, -3*d + 4*q + 111 = q. Suppose 15 - d = n. What is the units digit of (14/n)/(1/(-9))?
6
Let s = 56 - 27. Suppose -37 = -2*l + 5. Let c = s - l. What is the units digit of c?
8
Suppose 4 = -p - 3*r + 5, -3*p - 32 = 2*r. Let f be (-4)/p - 6/21. Suppose f = -3*k - 4*q + 43, 3*q + 11 = k + q. What is the tens digit of k?
1
Suppose 242 + 160 = 6*c. What is the units digit of c?
7
Let h(k) = k**2 - 15*k + 14. Let b be h(15). Suppose -2*a - 12 = -4*a. Let z = a + b. What is the units digit of z?
0
What is the tens digit of 250/30*(-6)/(-2)?
2
Let n(b) = -b**2 + 5*b - 2. Suppose -5*m + 33 = 2*j, 3*j - 2 = -2*m + 5*j. Let w be n(m). Let r = 2 - w. What is the units digit of r?
4
Suppose -2*b = -k + 8, 3*b - 6 = -0*k - 3*k. Suppose 0 = 4*f + f + 4*s - 121, -k*s - 68 = -4*f. What is the tens digit of f?
2
What is the tens digit of 1/6 - 322/(-12)?
2
Suppose 2*c = -4*k + 90, c = -c + 4*k + 130. What is the tens digit of c?
5
Suppose p - 7*f - 7 = -4*f, -2 = -p - 2*f. Suppose 2*i = -2*z + p + 58, z = i + 33. What is the tens digit of z?
3
Let l(t) = t - 1. Let w(r) = -r + 3. Let n(b) = -5*l(b) - 2*w(b). Let u be n(-3). Let v = 14 - u. What is the units digit of v?
6
Suppose 0 = 6*z + 34 - 628. What is the units digit of z?
9
Let y = 1055 - 684. What is the units digit of 1/6 - y/(-42)?
9
Let o = -94 + 140. Suppose 2*y - 8 = 2*m - o, 5 = -m - 5*y. What is the tens digit of m?
1
Let q(k) = 3*k**2 - 6*k + 5. What is the units digit of q(4)?
9
Suppose h = 3*h - 48. What is the tens digit of h?
2
Suppose 3*k = 2*n + 6*k - 1, 4*n + 4*k = -4. Let l be (-2 - n)*(2 - 1). What is the units digit of (-2)/((l - -1)/(-15))?
0
Suppose -f - 84 = 2*f. Let g = 39 + f. What is the units digit of g?
1
Let d be 136 + -4*4/(-8). What is the units digit of ((-3)/(-9))/(2/d)?
3
Let r(y) = -2*y**3 + 4 + 4*y**3 + 2*y - 4*y**2 - y + 2*y. Let m be r(3). Suppose 0 = -2*c + 6*c + x - m, 2*x = 5*c - 55. What is the units digit of c?
9
Suppose -7*n + 189 = -1190. What is the units digit of n?
7
Let o be 51 - 3*2/6. Suppose 2*s - 5*a - 26 = 0, 6*a - a + o = 5*s. Suppose 0 = 3*f - 2*f - s. What is the units digit of f?
8
Suppose -2*o = -6*o. What is the units digit of o - (-5)/(-1 - -2)?
5
Let j(x) = -x**2 - 7*x + 9. Let i be j(-8). Let l = i + 3. Suppose 47 = l*y + 3. What is the tens digit of y?
1
Let b be -3*(10/6 + -2). Let k(o) = 9*o + 1. Let z be k(b). Let w = 16 - z. What is the units digit of w?
6
Let b(w) = -21*w**3 - w - 1. Suppose -6*l - 3 = -3*l. What is the units digit of b(l)?
1
Suppose 41 = 4*j - 43. What is the units digit of j?
1
Let s = -4 + -10. Let p = s + 35. What is the units digit of p?
1
Suppose -5*c + 6*r - 3*r + 147 = 0, 0 = 5*c + 3*r - 153. Suppose -2*j + 4*j = c. What is the tens digit of j?
1
Let s = 85 + -61. Let u = s + -7. What is the tens digit of u?
1
Let p = 15 + -7. Suppose -4*a + p = 5*i - i, 2*a + 24 = 5*i. What is the units digit of i?
4
Let m(g) = -g**3 + 6*g**2 + 8. What is the units digit of m(6)?
8
What is the tens digit of 4/(-4 - (-22)/5)?
1
Suppose d = -0*d + 5*p - 14, 5*d - 4*p = -7. Let u be d/((-12)/9)*-4. What is the units digit of (11 + u)/(0 - -2)?
7
Suppose -6*s = -s - 80. What is the tens digit of s?
1
Let k(t) = t**3 + 5*t**2 - 6*t - 5. Let m be k(-6). Let w = m + 6. What is the units digit of w?
1
Suppose 13*s - 2646 = 4*s. What is the tens digit of s?
9
What is the tens digit of (-855)/(-12) + (-12)/(-16)?
7
Suppose 4*m + 11 = s, -15 = -2*s + 5*m + 1. Let v = 2 + s. What is the units digit of v?
5
Suppose -n - 3*f = -2, -2*n + 2*f - 4*f = -8. Let j(z) = -z + 8. Let g be j(n). Suppose 0 = 4*k - g*k - 6. What is the units digit of k?
6
Let j = 5 + -6. Let l be 2/4*(-6)/j. Suppose -h = -l*h + 16. What is the units digit of h?
8
Let c(o) = -o - 1. Let g(b) = 3*b + 10. Let f(n) = 1. Let t(y) = -6*f(y) + g(y). Let v(k) = -5*c(k) - t(k). What is the units digit of v(2)?
5
Suppose 5*a - 6 = 4. Suppose a*l - 24 = -2*l. What is the units digit of (16/l)/(6/9)?
4
Suppose -3*w + c + 10 = -c, 5*w - c - 12 = 0. Suppose -w*v + 92 = -5*v + s, -4*v - 112 = 4*s. What is the units digit of v/(-7) + 10/(-35)?
4
Let g = 9 + -8. What is the units digit of g?
1
Suppose 0 = -4*d + 211 + 185. What is the units digit of d?
9
Suppose -12 = -3*y - 3*n, -4*n + 16 = -y + 4*y. Suppose 3*b - 4*b = y. Suppose -m - t + 6 = 0, -4*m + b*t + 36 = t. What is the tens digit of m?
1
Let p(l) = -l**2 + 12*l - 9. What is the tens digit of p(8)?
2
Let r(q) = q**2 + q + 1. Let h be r(-4). Suppose x + 0*x = h. What is the units digit of x?
3
Suppose 0 = 5*w - w - 224. What is the tens digit of w?
5
Suppose 2*l - 60 = -20. Let o = l + -50. What is the units digit of ((-4)/(-5))/((-6)/o)?
4
Let g = 42 - 18. Suppose -3*t + 60 = g. What is the tens digit of t?
1
Let v(y) = -8*y + 3. What is the units digit of v(-4)?
5
Let b = 85 - 13. Suppose 3*s = -0*s + b. Let k = 42 - s. What is the tens digit of k?
1
Let z = -8 + 8. Suppose -m + 0*m + 24 = z. What is the units digit of m?
4
Suppose -15 - 1 = -2*i. Suppose -2*o + c - 6*c = -i, o = 4*c + 17. Suppose 3*m - o = -0*b - 2*b, -3 = -b - 2*m. What is the units digit of b?
9
Suppose 5 = 3*c - 1. Let j be 11/c + (-3)/(-6). Suppose j*n - 3*n = 3